INSERT INTO `template` (`id`, `name`, `slug`, `preview`, `custom_css`, `custom_js`, `is_removed`)
VALUES (1, 'tpl01', 'tpl01', 'product-05-6741c465a8caa.webp', NULL, NULL, 0);


INSERT INTO `template_layout` (`id`, `sections`, `description`, `template_id`)
VALUES (1, '[\"header\", \"content\", \"content_main\", \"footer\"]', 'header_footer_with_one_column_layout', 1),
       (2, '[\"header\", \"content\", \"content_left\", \"content_main\", \"footer\"]',
        'header_footer_with_two_columns_and_main_right', 1),
       (3, '[\"header\", \"content\", \"content_main\", \"content_right\", \"footer\"]',
        'header_footer_with_two_columns_and_main_left', 1),
       (4, '[\"header\", \"content\", \"content_left\", \"content_main\", \"content_right\", \"footer\"]',
        'header_footer_with_three_columns', 1);

INSERT INTO `template_page` (`id`, `page_type`, `template_id`, `layout_id`)
VALUES (2, 'homepage', 1, 1),
       (3, 'eshop_category', 1, 2),
       (4, 'product_detail', 1, 2),
       (6, 'cart_checkout', 1, 3),
       (7, 'cart_purchase', 1, 3),
       (8, 'cart_delivery_and_payment', 1, 3),
       (9, 'shopping_finished', 1, 1),
       (10, 'page', 1, 1),
       (11, 'security_login', 1, 1),
       (12, 'security_registration', 1, 1),
       (13, 'security_customer_content', 1, 1);



INSERT INTO `template_content` (`id`, `section`, `content_type`, `position`, `template_page_id`, `theme`, `shared_from`)
VALUES (1, 'header', 'top_navbar', 1, 2, 'defaultContent', NULL),
       (2, 'header', 'header', 2, 2, 'defaultContent', NULL),
       (4, 'footer', 'footer', 1, 2, 'columnLinks', NULL),
       (6, 'content_main', 'homepage_product_list', 1, 2, 'defaultContent', NULL),
       (11, 'content_left', 'eshop_menu', 1, 3, 'defaultContent', NULL),
       (12, 'header', 'header', 2, 3, 'defaultContent', NULL),
       (14, 'content_left', 'eshop_menu', 1, 4, 'defaultContent', NULL),
       (15, 'header', 'header', 2, 4, 'defaultContent', NULL),
       (16, 'content_main', 'system_main_category', 1, 3, 'defaultContent', NULL),
       (17, 'content_main', 'system_main_product_detail', 1, 4, 'defaultContent', NULL),
       (24, 'header', 'header', 2, 6, 'defaultContent', NULL),
       (25, 'content_main', 'system_main_cart_checkout', 2, 6, 'defaultContent', NULL),
       (26, 'content_right', 'system_right_cart_checkout', 2, 6, 'defaultContent', NULL),
       (27, 'content_left', 'system_left_cart_checkout', 1, 6, 'defaultContent', NULL),
       (40, 'header', 'header', 2, 7, 'defaultContent', NULL),
       (41, 'content_main', 'system_main_cart_purchase', 2, 7, 'defaultContent', NULL),
       (42, 'content_right', 'system_right_cart_purchase', 2, 7, 'defaultContent', NULL),
       (43, 'content_left', 'system_left_cart_purchase', 1, 7, 'defaultContent', NULL),
       (54, 'header', 'header', 2, 8, 'defaultContent', NULL),
       (55, 'content_main', 'system_main_cart_delivery_and_payment', 2, 8, 'defaultContent', NULL),
       (56, 'content_right', 'system_right_cart_delivery_and_payment', 2, 8, 'defaultContent', NULL),
       (57, 'content_left', 'system_left_cart_delivery_and_payment', 1, 8, 'defaultContent', NULL),
       (70, 'header', 'header', 2, 9, 'defaultContent', NULL),
       (71, 'content_main', 'system_main_shopping_finished', 2, 9, 'defaultContent', NULL),
       (73, 'content_main', 'cart_breadcrumb', 1, 6, 'defaultContent', NULL),
       (74, 'content_main', 'cart_breadcrumb', 1, 7, 'defaultContent', 73),
       (75, 'content_main', 'cart_breadcrumb', 1, 8, 'defaultContent', 73),
       (76, 'content_main', 'cart_breadcrumb', 1, 9, 'defaultContent', 73),
       (103, 'header', 'header', 2, 10, 'defaultContent', NULL),
       (104, 'content_main', 'system_main_article', 1, 10, 'defaultContent', NULL),
       (105, 'content_main', 'system_main_login', 1, 11, 'defaultContent', NULL),
       (130, 'header', 'header', 2, 11, 'defaultContent', NULL),
       (149, 'content_main', 'system_main_registration', 1, 12, 'defaultContent', NULL),
       (150, 'header', 'header', 2, 12, 'defaultContent', NULL),
       (151, 'content_main', 'system_main_customer_content', 1, 13, 'defaultContent', NULL),
       (152, 'header', 'top_navbar', 1, 3, 'defaultContent', 1),
       (153, 'header', 'top_navbar', 1, 4, 'defaultContent', 1),
       (154, 'header', 'top_navbar', 1, 6, 'defaultContent', 1),
       (155, 'header', 'top_navbar', 1, 7, 'defaultContent', 1),
       (156, 'header', 'top_navbar', 1, 8, 'defaultContent', 1),
       (157, 'header', 'top_navbar', 1, 9, 'defaultContent', 1),
       (158, 'header', 'top_navbar', 1, 10, 'defaultContent', 1),
       (159, 'header', 'top_navbar', 1, 11, 'defaultContent', 1),
       (160, 'header', 'top_navbar', 1, 12, 'defaultContent', 1),
       (161, 'header', 'top_navbar', 1, 13, 'defaultContent', 1),
       (162, 'footer', 'footer', 1, 3, 'columnLinks', 4),
       (163, 'footer', 'footer', 1, 4, 'columnLinks', 4),
       (164, 'footer', 'footer', 1, 6, 'columnLinks', 4),
       (165, 'footer', 'footer', 1, 7, 'columnLinks', 4),
       (166, 'footer', 'footer', 1, 8, 'columnLinks', 4),
       (167, 'footer', 'footer', 1, 9, 'columnLinks', 4),
       (168, 'footer', 'footer', 1, 10, 'columnLinks', 4),
       (169, 'footer', 'footer', 1, 11, 'columnLinks', 4),
       (170, 'footer', 'footer', 1, 12, 'columnLinks', 4),
       (171, 'footer', 'footer', 1, 13, 'columnLinks', 4),
       (172, 'header', 'header', 2, 13, 'defaultContent', NULL);

INSERT INTO `template_content_translation` (`id`, `is_enabled`, `settings`, `locale`, `template_content_id`)
VALUES (1, 1, '{\"logo\":null,\"menuItems\":[13]}', 'cs_CZ', 1),
       (2, 0, '{\"logo\":null,\"menuItems\":[12,13]}', 'sk_SK', 1),
       (3, 1,
        '{\"title\":\"V\\u00edtejte\",\"height\":\"300px\",\"titleColor\":\"#ffffffff\",\"titleElm\":\"h1\",\"backgroundColor\":\"#353535ff\",\"backgroundImage\":null,\"backgroundPosition\":null,\"backgroundRepeat\":null,\"backgroundSize\":null}',
        'cs_CZ', 2),
       (4, 1,
        '{\"productLimit\":6,\"title\":\"Produkty na homepage\",\"titleElm\":\"h2\",\"widthExtraSmall\":null,\"widthSmall\":null,\"widthMedium\":3,\"widthLarge\":null,\"widthExtraLarge\":null,\"widthExtraExtraLarge\":null}',
        'cs_CZ', 6),
       (5, 1,
        '{\"logo\":null,\"alwaysDown\":true,\"column1Links\":[],\"column2Links\":[],\"column3Links\":[],\"column4Links\":[],\"column5Links\":[],\"column1name\":null,\"column2name\":null,\"column3name\":null,\"column4name\":null,\"column5name\":null,\"showColumn1\":null,\"showColumn2\":null,\"showColumn3\":null,\"showColumn4\":null,\"showColumn5\":null}',
        'cs_CZ', 4),
       (6, 1,
        '{\"title\":null,\"height\":\"100px\",\"titleColor\":\"\",\"titleElm\":\"h1\",\"backgroundColor\":\"#2f2f2fff\",\"backgroundImage\":null,\"backgroundPosition\":null,\"backgroundRepeat\":null,\"backgroundSize\":null}',
        'cs_CZ', 12),
       (7, 1, '[]', 'cs_CZ', 11),
       (8, 1,
        '{\"paginateBy\":20,\"widthExtraSmall\":null,\"widthSmall\":null,\"widthMedium\":3,\"widthLarge\":null,\"widthExtraLarge\":null,\"widthExtraExtraLarge\":null}',
        'cs_CZ', 16),
       (9, 1,
        '{\"title\":null,\"height\":\"100px\",\"titleColor\":\"\",\"titleElm\":\"h1\",\"backgroundColor\":\"#353535ff\",\"backgroundImage\":null,\"backgroundPosition\":null,\"backgroundRepeat\":null,\"backgroundSize\":null}',
        'cs_CZ', 15),
       (10, 1, '[]', 'cs_CZ', 14),
       (11, 1, '[]', 'cs_CZ', 17),
       (12, 1,
        '{\"title\":null,\"height\":\"100px\",\"titleColor\":\"\",\"titleElm\":\"h1\",\"backgroundColor\":\"#2c2c2cff\",\"backgroundImage\":null,\"backgroundPosition\":null,\"backgroundRepeat\":null,\"backgroundSize\":null}',
        'cs_CZ', 24),
       (13, 1, '[]', 'cs_CZ', 26),
       (14, 1,
        '{\"title\":null,\"height\":\"100px\",\"titleColor\":\"\",\"titleElm\":\"h1\",\"backgroundColor\":\"#3e3e3eff\",\"backgroundImage\":null,\"backgroundPosition\":null,\"backgroundRepeat\":null,\"backgroundSize\":null}',
        'cs_CZ', 40),
       (15, 1, '[]', 'cs_CZ', 43),
       (16, 1,
        '{\"separator\":\">\",\"checkoutIcon\":\"fa-solid fa-phone\",\"checkoutTitle\":\"Checkout\",\"purchaseIcon\":\"fa-solid fa-phone\",\"purchaseTitle\":\"Purchase\",\"deliveryPaymentIcon\":\"fa-solid fa-envelope\",\"deliveryPaymentTitle\":\"DeliveryPayment\",\"finishedIcon\":\"fa-brands fa-linkedin\",\"finishedTitle\":\"FInished\"}',
        'cs_CZ', 74),
       (17, 1,
        '{\"title\":null,\"height\":\"100px\",\"titleColor\":\"\",\"titleElm\":\"h1\",\"backgroundColor\":\"#2d2d2dff\",\"backgroundImage\":null,\"backgroundPosition\":null,\"backgroundRepeat\":null,\"backgroundSize\":null}',
        'cs_CZ', 54),
       (18, 1, '[]', 'cs_CZ', 25),
       (19, 1, '[]', 'cs_CZ', 41),
       (20, 1,
        '{\"title\":null,\"height\":\"100px\",\"titleColor\":\"\",\"titleElm\":\"h1\",\"backgroundColor\":\"#222222ff\",\"backgroundImage\":null,\"backgroundPosition\":null,\"backgroundRepeat\":null,\"backgroundSize\":null}',
        'cs_CZ', 70),
       (21, 1, '[]', 'cs_CZ', 71),
       (22, 1,
        '{\"separator\":\">\",\"checkoutIcon\":\"fa-solid fa-cart-shopping\",\"checkoutTitle\":\"Kontrola\",\"purchaseIcon\":\"fa-regular fa-address-book\",\"purchaseTitle\":\"Adresa\",\"deliveryPaymentIcon\":\"fa-solid fa-truck\",\"deliveryPaymentTitle\":\"Doprava a platba\",\"finishedIcon\":\"fa-regular fa-circle-check\",\"finishedTitle\":\"N\\u00e1kup dokon\\u010den\"}',
        'cs_CZ', 73),
       (23, 0,
        '{\"title\":\"obsahova stranka\",\"height\":\"100px\",\"titleColor\":\"#8ad6e9ff\",\"titleElm\":\"h1\",\"backgroundColor\":\"#1f1f1fff\",\"backgroundImage\":null,\"backgroundPosition\":null,\"backgroundRepeat\":null,\"backgroundSize\":null}',
        'cs_CZ', 103),
       (24, 1,
        '{\"title\":\"P\\u0159ihl\\u00e1\\u0161en\\u00ed\",\"height\":\"100px\",\"titleColor\":\"#ff00f9ff\",\"titleElm\":\"h1\",\"backgroundColor\":\"#2d2d2dff\",\"backgroundImage\":null,\"backgroundPosition\":null,\"backgroundRepeat\":null,\"backgroundSize\":null}',
        'cs_CZ', 130),
       (25, 1, '[]', 'cs_CZ', 105),
       (26, 1, '[]', 'cs_CZ', 104),
       (27, 1,
        '{\"title\":\"Registrace zakaznika\",\"height\":\"100px\",\"titleColor\":\"#8cff00ff\",\"titleElm\":\"h1\",\"backgroundColor\":\"#272727ff\",\"backgroundImage\":null,\"backgroundPosition\":null,\"backgroundRepeat\":null,\"backgroundSize\":null}',
        'cs_CZ', 150),
       (28, 1,
        '{\"title\":\"Zakaznicka sekce\",\"height\":\"100px\",\"titleColor\":\"#56bed8ff\",\"titleElm\":\"h1\",\"backgroundColor\":\"#313131ff\",\"backgroundImage\":null,\"backgroundPosition\":null,\"backgroundRepeat\":null,\"backgroundSize\":null}',
        'cs_CZ', 172);

INSERT INTO `template_content_restriction` (`id`, `section`, `content_type`, `available_pages`)
VALUES (1, 'header', 'header',
        '[\"homepage\", \"eshop_category\", \"product_detail\", \"cart_checkout\", \"cart_purchase\", \"cart_delivery_and_payment\", \"shopping_finished\", \"page\", \"security_login\", \"security_registration\", \"security_customer_content\"]'),
       (2, 'header', 'top_navbar',
        '[\"homepage\", \"eshop_category\", \"product_detail\", \"cart_checkout\", \"cart_purchase\", \"cart_delivery_and_payment\", \"shopping_finished\", \"page\", \"security_login\", \"security_registration\", \"security_customer_content\"]'),
       (3, 'header', 'html',
        '[\"homepage\", \"eshop_category\", \"product_detail\", \"cart_checkout\", \"cart_purchase\", \"cart_delivery_and_payment\", \"shopping_finished\", \"page\", \"security_login\", \"security_registration\", \"security_customer_content\"]'),
       (4, 'footer', 'html',
        '[\"homepage\", \"eshop_category\", \"product_detail\", \"cart_checkout\", \"cart_purchase\", \"cart_delivery_and_payment\", \"shopping_finished\", \"page\", \"security_login\", \"security_registration\", \"security_customer_content\"]'),
       (5, 'content_left', 'html',
        '[\"homepage\", \"eshop_category\", \"product_detail\", \"cart_checkout\", \"cart_purchase\", \"cart_delivery_and_payment\", \"shopping_finished\", \"page\", \"security_login\", \"security_registration\", \"security_customer_content\"]'),
       (6, 'content_right', 'html',
        '[\"homepage\", \"eshop_category\", \"product_detail\", \"cart_checkout\", \"cart_purchase\", \"cart_delivery_and_payment\", \"shopping_finished\", \"page\", \"security_login\", \"security_registration\", \"security_customer_content\"]'),
       (7, 'content_main', 'html',
        '[\"homepage\", \"eshop_category\", \"cart_checkout\", \"cart_purchase\", \"cart_delivery_and_payment\", \"shopping_finished\", \"page\", \"security_login\", \"security_registration\", \"security_customer_content\"]'),
       (8, 'footer', 'footer',
        '[\"homepage\", \"eshop_category\", \"product_detail\", \"cart_checkout\", \"cart_purchase\", \"cart_delivery_and_payment\", \"shopping_finished\", \"page\", \"security_login\", \"security_registration\", \"security_customer_content\"]'),
       (9, 'content_main', 'homepage_product_list', '[\"homepage\"]'),
       (15, 'content_left', 'rich_text',
        '[\"homepage\", \"eshop_category\", \"product_detail\", \"cart_checkout\", \"cart_purchase\", \"cart_delivery_and_payment\", \"shopping_finished\", \"page\", \"security_login\", \"security_registration\", \"security_customer_content\"]'),
       (16, 'content_main', 'rich_text',
        '[\"homepage\", \"eshop_category\", \"product_detail\", \"cart_checkout\", \"cart_purchase\", \"cart_delivery_and_payment\", \"shopping_finished\", \"page\", \"security_login\", \"security_registration\", \"security_customer_content\"]'),
       (17, 'content_right', 'rich_text',
        '[\"homepage\", \"eshop_category\", \"product_detail\", \"cart_checkout\", \"cart_purchase\", \"cart_delivery_and_payment\", \"shopping_finished\", \"page\", \"security_login\", \"security_registration\", \"security_customer_content\"]'),
       (18, 'header', 'slider',
        '[\"homepage\", \"eshop_category\", \"product_detail\", \"cart_checkout\", \"cart_purchase\", \"cart_delivery_and_payment\", \"shopping_finished\", \"security_login\", \"security_registration\", \"security_customer_content\"]'),
       (19, 'footer', 'slider',
        '[\"homepage\", \"eshop_category\", \"product_detail\", \"cart_checkout\", \"cart_purchase\", \"cart_delivery_and_payment\", \"shopping_finished\", \"page\", \"security_login\", \"security_registration\", \"security_customer_content\"]'),
       (20, 'content_left', 'slider',
        '[\"homepage\", \"eshop_category\", \"product_detail\", \"cart_checkout\", \"cart_purchase\", \"cart_delivery_and_payment\", \"shopping_finished\", \"page\", \"security_login\", \"security_registration\", \"security_customer_content\"]'),
       (21, 'content_right', 'slider',
        '[\"homepage\", \"eshop_category\", \"product_detail\", \"cart_checkout\", \"cart_purchase\", \"cart_delivery_and_payment\", \"shopping_finished\", \"page\", \"security_login\", \"security_registration\", \"security_customer_content\"]'),
       (22, 'content_main', 'slider',
        '[\"homepage\", \"eshop_category\", \"product_detail\", \"cart_checkout\", \"cart_purchase\", \"cart_delivery_and_payment\", \"shopping_finished\", \"page\", \"security_login\", \"security_registration\", \"security_customer_content\"]'),
       (23, 'content_left', 'eshop_menu',
        '[\"homepage\", \"eshop_category\", \"product_detail\", \"cart_checkout\", \"cart_purchase\", \"cart_delivery_and_payment\", \"shopping_finished\", \"page\", \"security_login\", \"security_registration\", \"security_customer_content\"]'),
       (24, 'content_right', 'eshop_menu',
        '[\"homepage\", \"eshop_category\", \"product_detail\", \"cart_checkout\", \"cart_purchase\", \"cart_delivery_and_payment\", \"shopping_finished\", \"page\", \"security_login\", \"security_registration\", \"security_customer_content\"]'),
       (25, 'content_main', 'system_main_category', '[\"eshop_category\"]'),
       (26, 'content_main', 'system_main_product_detail', '[\"product_detail\"]'),
       (27, 'content_main', 'breadcrumb',
        '[\"homepage\", \"eshop_category\", \"product_detail\", \"page\", \"security_login\", \"security_registration\", \"security_customer_content\"]'),
       (28, 'header', 'breadcrumb',
        '[\"homepage\", \"eshop_category\", \"product_detail\", \"page\", \"security_login\", \"security_registration\", \"security_customer_content\"]'),
       (29, 'content_main', 'cart_breadcrumb',
        '[\"cart_checkout\", \"cart_purchase\", \"cart_delivery_and_payment\", \"shopping_finished\"]'),
       (30, 'content_main', 'system_main_article', '[\"page\"]'),
       (31, 'content_main', 'system_main_login', '[\"security_login\"]'),
       (32, 'content_main', 'system_main_registration', '[\"security_registration\"]'),
       (33, 'content_main', 'system_main_customer_content', '[\"security_customer_content\"]');



INSERT INTO `template_section` (`id`, `section_type`, `container_enabled`, `width_extra_small`, `width_small`,
                                `width_medium`, `width_large`, `width_extra_large`, `width_extra_extra_large`,
                                `page_id`)
VALUES (4, 'header', 0, NULL, 12, 12, NULL, NULL, NULL, 2),
       (5, 'content_main', 1, NULL, NULL, 12, NULL, NULL, NULL, 2),
       (6, 'footer', 0, NULL, NULL, 12, NULL, NULL, NULL, 2),
       (7, 'content', 1, NULL, NULL, NULL, NULL, NULL, NULL, 2),
       (8, 'header', 0, NULL, NULL, NULL, NULL, NULL, NULL, 3),
       (9, 'content', 1, NULL, NULL, NULL, NULL, NULL, NULL, 3),
       (10, 'content_left', 1, NULL, NULL, 3, NULL, NULL, NULL, 3),
       (11, 'content_main', 1, NULL, NULL, 9, NULL, NULL, NULL, 3),
       (12, 'footer', 0, NULL, NULL, NULL, NULL, NULL, NULL, 3),
       (13, 'header', 0, NULL, NULL, NULL, NULL, NULL, NULL, 4),
       (14, 'content', 1, NULL, NULL, NULL, NULL, NULL, NULL, 4),
       (15, 'content_left', 1, NULL, NULL, 3, NULL, NULL, NULL, 4),
       (16, 'content_main', 1, NULL, NULL, 9, NULL, NULL, NULL, 4),
       (17, 'footer', 0, NULL, NULL, NULL, NULL, NULL, NULL, 4),
       (21, 'header', 0, NULL, NULL, NULL, NULL, NULL, NULL, 6),
       (22, 'content', 1, NULL, NULL, NULL, NULL, NULL, NULL, 6),
       (23, 'content_main', 1, NULL, NULL, 9, NULL, NULL, NULL, 6),
       (24, 'content_right', 1, NULL, NULL, 3, NULL, NULL, NULL, 6),
       (25, 'footer', 0, NULL, NULL, NULL, NULL, NULL, NULL, 6),
       (26, 'header', 0, NULL, NULL, NULL, NULL, NULL, NULL, 7),
       (27, 'content', 1, NULL, NULL, NULL, NULL, NULL, NULL, 7),
       (29, 'content_main', 1, NULL, NULL, 9, NULL, NULL, NULL, 7),
       (30, 'footer', 0, NULL, NULL, NULL, NULL, NULL, NULL, 7),
       (31, 'header', 0, NULL, NULL, NULL, NULL, NULL, NULL, 8),
       (32, 'content', 1, NULL, NULL, NULL, NULL, NULL, NULL, 8),
       (33, 'content_main', 1, NULL, NULL, 9, NULL, NULL, NULL, 8),
       (35, 'footer', 0, NULL, NULL, NULL, NULL, NULL, NULL, 8),
       (37, 'content_right', 1, NULL, NULL, 3, NULL, NULL, NULL, 8),
       (38, 'header', 0, NULL, NULL, NULL, NULL, NULL, NULL, 9),
       (39, 'content', 1, NULL, NULL, NULL, NULL, NULL, NULL, 9),
       (40, 'content_main', 1, NULL, NULL, 12, NULL, NULL, NULL, 9),
       (41, 'footer', 0, NULL, NULL, NULL, NULL, NULL, NULL, 9),
       (42, 'content_right', 1, NULL, NULL, 3, NULL, NULL, NULL, 7),
       (43, 'header', 0, NULL, NULL, NULL, NULL, NULL, NULL, 10),
       (44, 'content', 1, NULL, NULL, NULL, NULL, NULL, NULL, 10),
       (45, 'content_main', 1, NULL, NULL, NULL, NULL, NULL, NULL, 10),
       (46, 'footer', 0, NULL, NULL, NULL, NULL, NULL, NULL, 10),
       (47, 'header', 0, NULL, NULL, NULL, NULL, NULL, NULL, 11),
       (48, 'content', 1, NULL, NULL, NULL, NULL, NULL, NULL, 11),
       (49, 'content_main', 1, NULL, NULL, NULL, NULL, NULL, NULL, 11),
       (50, 'footer', 0, NULL, NULL, NULL, NULL, NULL, NULL, 11),
       (51, 'header', 0, NULL, NULL, NULL, NULL, NULL, NULL, 12),
       (52, 'content', 1, NULL, NULL, NULL, NULL, NULL, NULL, 12),
       (53, 'content_main', 1, NULL, NULL, NULL, NULL, NULL, NULL, 12),
       (54, 'footer', 0, NULL, NULL, NULL, NULL, NULL, NULL, 12),
       (55, 'header', 0, NULL, NULL, NULL, NULL, NULL, NULL, 13),
       (56, 'content', 1, NULL, NULL, NULL, NULL, NULL, NULL, 13),
       (57, 'content_main', 1, NULL, NULL, NULL, NULL, NULL, NULL, 13),
       (58, 'footer', 0, NULL, NULL, NULL, NULL, NULL, NULL, 13);
