INSERT INTO `variant` (`id`, `created_at`, `updated_at`, `type`)
VALUES (1, '2023-12-19 07:54:24', NULL, 'dropdown'),
       (2, '2024-04-26 16:04:26', NULL, 'switcher'),
       (3, '2024-04-26 16:05:09', NULL, 'color');

INSERT INTO `variant_translation` (`id`, `variant_id`, `name`, `created_at`, `updated_at`, `locale`)
VALUES (1, 1, 'Objem', '2023-12-19 07:54:24', NULL, 'cs_CZ'),
       (2, 2, 'Rozměry', '2024-04-26 16:04:26', NULL, 'cs_CZ'),
       (3, 3, 'Barva', '2024-04-26 16:05:09', NULL, 'cs_CZ');

INSERT INTO `variant_value` (`id`, `variant_id`, `created_at`, `updated_at`, `color`, `texture`)
VALUES (1, 1, '2023-12-19 07:54:49', NULL, NULL, NULL),
       (2, 1, '2023-12-19 07:54:54', NULL, NULL, NULL),
       (3, 2, '2024-04-26 16:04:36', NULL, NULL, NULL),
       (4, 2, '2024-04-26 16:04:42', NULL, NULL, NULL),
       (5, 2, '2024-04-26 16:04:47', NULL, NULL, NULL),
       (6, 3, '2024-04-26 16:05:34', NULL, '#000000', NULL),
       (7, 3, '2024-04-26 16:05:52', NULL, '#ff0000', NULL),
       (8, 3, '2024-04-26 16:06:05', NULL, '#00ff62', NULL);

INSERT INTO `variant_value_translation` (`id`, `variant_value_id`, `name`, `created_at`, `updated_at`, `locale`)
VALUES (1, 1, '0,7', '2023-12-19 07:54:49', NULL, 'cs_CZ'),
       (2, 2, '1', '2023-12-19 07:54:54', NULL, 'cs_CZ'),
       (3, 3, '10x20', '2024-04-26 16:04:36', NULL, 'cs_CZ'),
       (4, 4, '10x30', '2024-04-26 16:04:42', NULL, 'cs_CZ'),
       (5, 5, '10x40', '2024-04-26 16:04:47', NULL, 'cs_CZ'),
       (6, 6, 'Černá', '2024-04-26 16:05:34', NULL, 'cs_CZ'),
       (7, 7, 'Červená', '2024-04-26 16:05:52', NULL, 'cs_CZ'),
       (8, 8, 'Zelená', '2024-04-26 16:06:05', NULL, 'cs_CZ');
