INSERT INTO `product` (`id`, `code`, `cache`, `is_variant_product`, `created_at`, `updated_at`, `is_enabled`, `to_sell`,
                       `ean`, `price`, `in_stock`)
VALUES (4, '123',
        '{\"cs_CZ\":{\"name\":\"Rum Rammstein 12y 0,7l 40% GB\",\"slug\":\"rum-rammstein-12y-0,7l-40percent-gb\",\"availableVariants\":[],\"image\":\"rammstein-01-6579b3f0c7ca6.jpg\",\"variantName\":null,\"unit\":\"ks\",\"inStock\":null,\"price\":15000}}',
        0, '2023-12-13 13:36:46', '2024-07-11 11:16:16', 1, 1, NULL, 15000, 10),
       (5, '444',
        '{\"cs_CZ\":{\"name\":\"Villa Rica Single barrel 23y\",\"slug\":\"villa-rica-single-barrel-23y\",\"availableVariants\":[],\"image\":\"rum-villa-rica-02-658427fbe6a8a.jpg\",\"variantName\":null,\"unit\":\"ks\",\"inStock\":null,\"price\":12000}}',
        0, '2023-12-21 08:55:32', '2024-07-11 11:16:21', 1, 1, NULL, 12000, 3),
       (6, '987',
        '{\"cs_CZ\":{\"name\":\"Don Papa 7y 0,7l 40%\",\"slug\":\"don-papa-7y-0,7l-40percent\",\"availableVariants\":[],\"image\":null,\"variantName\":null,\"unit\":null,\"inStock\":null,\"price\":5600}}',
        0, '2023-12-21 12:00:15', '2024-07-11 11:16:25', 1, 1, NULL, 5600, 2);

INSERT INTO `product_variant` (`id`, `product_id`, `variant_id`, `image_id`, `price`, `in_stock`, `position`,
                               `created_at`, `updated_at`, `unit_id`)
VALUES (1, 4, NULL, NULL, 12300, 10, 1, '2024-02-24 09:26:28', '2024-02-24 10:14:11', 12),
       (2, 5, NULL, NULL, 100000, 3, 1, '2024-02-24 09:26:45', '2024-02-24 10:14:37', 12),
       (3, 6, NULL, NULL, NULL, 2, 1, '2024-02-24 10:15:10', NULL, NULL);

INSERT INTO `product_image` (`id`, `product_id`, `file`, `position`, `is_main`, `created_at`, `updated_at`)
VALUES (11, 4, 'rammstein-01-6579b3f0c7ca6.jpg', 1, 1, '2023-12-13 13:38:56', NULL),
       (12, 4, 'rammstein-02-6579b3f0c7ef0.jpg', 2, 0, '2023-12-13 13:38:56', NULL),
       (13, 5, 'rum-villa-rica-01-658427fbe678e.jpg', 1, 0, '2023-12-21 11:56:43', '2023-12-21 11:57:41'),
       (14, 5, 'rum-villa-rica-02-658427fbe6a8a.jpg', 2, 1, '2023-12-21 11:56:43', '2023-12-21 11:57:41');

INSERT INTO `product_translation` (`id`, `product_id`, `name`, `slug`, `description`, `short_description`,
                                   `meta_description`, `locale`, `created_at`, `updated_at`, `title`)
VALUES (4, 4, 'Rum Rammstein 12y 0,7l 40% GB', 'rum-rammstein-12y-0,7l-40percent-gb', NULL, NULL, NULL, 'cs_CZ',
        '2023-12-13 13:36:46', NULL, NULL),
       (5, 5, 'Villa Rica Single barrel 23y', 'villa-rica-single-barrel-23y', NULL, NULL, NULL, 'cs_CZ',
        '2023-12-21 08:55:32', NULL, NULL),
       (6, 6, 'Don Papa 7y 0,7l 40%', 'don-papa-7y-0,7l-40percent', NULL, NULL, NULL, 'cs_CZ',
        '2023-12-21 12:00:15', NULL, NULL);

INSERT INTO `product_category` (`id`, `product_id`, `category_id`)
VALUES (1, 4, 12),
       (2, 4, 13),
       (3, 5, 12),
       (4, 5, 13),
       (5, 6, 13);

INSERT INTO `product_variant` (`id`, `product_id`, `variant_id`, `image_id`, `unit_id`, `price`, `in_stock`, `position`,
                               `created_at`, `updated_at`, `purchase_price`)
VALUES (1, 4, NULL, 12, 12, 12300, 5, 1, '2024-02-24 09:26:28', '2024-06-18 17:03:14', 0),
       (2, 5, NULL, 14, 12, 100000, 2, 1, '2024-02-24 09:26:45', '2024-02-24 10:14:37', NULL),
       (3, 6, NULL, NULL, NULL, NULL, NULL, 1, '2024-02-24 10:15:10', NULL, NULL);
